12.
4414
Convert 1011110000001 (base 2) to base 9.
8225
Convert -231 (base 11) to base 10.
-276
Convert -195d7 (base 14) to base 16.
-fb19
What is -110464 (base 9) in base 3?
-10100112011
What is 5113 (base 7) in base 16?
6ee
-18869 (base 13) to base 8
-134730
What is -52756 (base 8) in base 4?
-11113232
Convert 1681 (base 13) to base 11.
2545
14012 (base 6) to base 8
4170
What is 3675 (base 8) in base 16?
7bd
What is -105124 (base 7) in base 4?
-10202131
What is a7 (base 16) in base 3?
20012
What is 101000100001001 (base 2) in base 13?
959a
What is -132120 (base 4) in base 13?
-b67
Convert -375 (base 11) to base 15.
-1ea
12a (base 14) to base 13
150
What is 4cb (base 14) in base 3?
1022200
What is -13665 (base 9) in base 13?
-42cb
Convert 19744 (base 10) to base 12.
b514
-431 (base 8) to base 10
-281
Convert -110112112 (base 3) to base 7.
-35435
-25b (base 14) to base 4
-13121
Convert -31403 (base 5) to base 3.
-2212220
What is 1222012 (base 3) in base 14?
748
-17a5 (base 12) to base 6
-21125
Convert -39a (base 11) to base 8.
-730
Convert 2476 (base 10) to base 8.
4654
What is 8649 (base 12) in base 14?
5533
Convert -1131 (base 5) to base 11.
-141
What is 198 (base 14) in base 16?
14a
What is -2302 (base 4) in base 6?
-454
-10000110000100 (base 2) to base 8
-20604
Convert 1615a (base 11) to base 12.
11251
What is 10122001 (base 3) in base 12?
1647
Convert 50422 (base 11) to base 14.
1cc13
132301 (base 4) to base 12
1181
Convert -100100111001 (base 2) to base 13.
-10c8
What is -3104 (base 7) in base 11?
-8a4
What is 12e (base 16) in base 14?
178
Convert 220202 (base 3) to base 16.
29c
Convert 11000110 (base 2) to base 12.
146
What is -57 (base 10) in base 3?
-2010
-414 (base 8) to base 14
-152
Convert 2430 (base 5) to base 6.
1405
Convert -522f (base 16) to base 7.
-115224
What is 11101001110 (base 2) in base 14?
978
What is -2847 (base 11) in base 16?
-e61
Convert -10110010111001 (base 2) to base 9.
-16631
23114 (base 7) to base 13
28b2
Convert 181c (base 13) to base 7.
13264
What is 7348 (base 10) in base 11?
5580
Convert e6 (base 15) to base 2.
11011000
What is 37501 (base 12) in base 7?
431506
Convert 10010040 (base 5) to base 13.
29b13
Convert 90ba (base 16) to base 8.
110272
-768 (base 12) to base 4
-101000
Convert -142510 (base 6) to base 7.
-54405
Convert 11010110100010 (base 2) to base 14.
500a
Convert -100221 (base 3) to base 5.
-2033
Convert -23313 (base 6) to base 13.
-16b3
Convert 54410 (base 8) to base 9.
34234
What is -3406 (base 7) in base 14?
-63d
What is -41323 (base 5) in base 12?
-16a1
-10011111110 (base 2) to base 7
-3504
a14 (base 14) to base 4
132322
443225 (base 6) to base 7
212642
Convert 10111101110110 (base 2) to base 5.
342100
Convert -651 (base 8) to base 5.
-3200
What is 255253 (base 7) in base 5?
3004340
What is 100551 (base 7) in base 10?
17088
What is 869 (base 16) in base 13?
c98
122442 (base 6) to base 8
25332
What is 8925 (base 13) in base 7?
106524
What is -1202201 (base 3) in base 7?
-3520
Convert 12131333 (base 4) to base 12.
133bb
33157 (base 10) to base 9
50431
What is 2316 (base 7) in base 4?
31032
-4533 (base 13) to base 2
-10010111001011
7015 (base 15) to base 5
1224040
What is 161ac (base 13) in base 5?
2321204
1237 (base 8) to base 9
825
Convert -372 (base 8) to base 14.
-13c
Convert -411324 (base 6) to base 2.
-111111111100100
1023 (base 7) to base 13
219
What is 8b (base 12) in base 14?
79
Convert 10011011001 (base 2) to base 15.
57b
17756 (base 9) to base 10
12282
What is -52a (base 15) in base 13?
-6b8
Convert -11142 (base 7) to base 4.
-230013
What is -11100200 (base 3) in base 14?
-122d
What is -7f3 (base 16) in base 13?
-c07
-8331 (base 10) to base 3
-102102120
What is 5df (base 16) in base 6?
10543
Convert -b7e (base 15) to base 7.
-10364
What is 47a (base 16) in base 6?
5150
Convert 14136 (base 10) to base 9.
21346
What is -54 (base 10) in base 13?
-42
Convert 20013233 (base 4) to base 8.
100757
Convert 220440 (base 5) to base 7.
31134
212110 (base 7) to base 3
1212102101
332212 (base 4) to base 8
7646
-64466 (base 8) to base 4
-12210312
Convert -4a83 (base 14) to base 5.
-404201
-5043 (base 6) to base 16
-453
984 (base 10) to base 3
1100110
What is 154030 (base 6) in base 11?
10412
What is -11dc (base 14) in base 8?
-6076
-243035 (base 6) to base 9
-32325
-222221 (base 3) to base 15
-337
-20222 (base 3) to base 11
-161
Convert -71121 (base 9) to base 6.
-1000244
Convert -e3 (base 16) to base 9.
-272
Convert bb03 (base 12) to base 13.
94b3
5002 (base 9) to base 6
24515
What is -8354 (base 9) in base 5?
-143444
100 (base 13) to base 3
20021
Convert 542f (base 16) to base 2.
101010000101111
What is -749 (base 13) in base 12?
-878
6531 (base 14) to base 9
25880
Convert 4050 (base 11) to base 10.
5379
Convert 21620 (base 7) to base 14.
1db7
Convert 5012 (base 6) to base 8.
2100
Convert -191a0 (base 13) to base 16.
-bdf9
What is -1011011101 (base 2) in base 3?
-1000011
114863 (base 9) to base 4
100321233
What is -17a81 (base 15) in base 11?
-52626
Convert -ced (base 16) to base 14.
-12c5
1425a (base 13) to base 4
21032002
Convert 222101 (base 4) to base 13.
1301
Convert 1424 (base 5) to base 9.
285
Convert 37805 (base 9) to base 14.
93b1
-77355 (base 8) to base 16
-7eed
What is 34838 (base 9) in base 4?
11223302
What is 317 (base 14) in base 12?
429
What is -119a (base 14) in base 3?
-11012221
What is -4050 (base 6) in base 16?
-37e
What is -939 (base 16) in base 14?
-c09
-553 (base 8) to base 4
-11223
Convert 101203 (base 4) to base 8.
2143
Convert 10101110101 (base 2) to base 6.
10245
Convert -200334 (base 7) to base 16.
-83fa
Convert 132222 (base 4) to base 12.
1176
Convert 3822 (base 10) to base 3.
12020120
What is 1225 (base 10) in base 13?
733
What is -1051 (base 10) in base 4?
-100123
Convert 4874 (base 10) to base 4.
1030022
Convert -22020 (base 4) to base 11.
-53a
2a7 (base 12) to base 11
348
Convert 6d2b (base 15) to base 16.
5ab0
Convert -13213322 (base 4) to base 12.
-160a2
Convert 21011221 (base 3) to base 9.
7157
Convert -143012 (base 5) to base 16.
-1777
100100001000011 (base 2) to base 5
1042444
What is -51561 (base 7) in base 10?
-12636
0 (base 11) to base 6
0
-3599 (base 14) to base 4
-2102003
Convert 84 (base 15) to base 2.
1111100
Convert -3475 (base 8) to base 14.
-965
Convert -1362 (base 9) to base 4.
-100010
Convert 445 (base 14) to base 16.
34d
-d07 (base 14) to base 10
-2555
What is -201d (base 16) in base 11?
-61a4
What is 23161 (base 7) in base 11?
44a5
43a (base 15) to base 5
12310
What is 3a83 (base 11) in base 8?
12256
453 (base 8) to base 11
252
Convert 101011100010111 (base 2) to base 14.
81a7
120001 (base 3) to base 15
1c1
-618 (base 11) to base 12
-521
What is 1135 (base 9) in base 14?
442
-7182 (base 9) to base 16
-148a
1b9 (base 16) to base 8
671
Convert -202021212 (base 3) to base 16.
-39c8
What is -23222 (base 5) in base 11?
-12a4
1441 (base 5) to base 11
204
-37620 (base 8) to base 7
-65304
What is 1121011 (base 3) in base 13?
6b8
Convert -204 (base 12) to base 10.
-292
What is -1233023 (base 4) in base 9?
-10675
a99 (base 13) to base 4
130120
11102220 (base 3) to base 2
110010100101
Convert 34a9 (base 11) to base 15.
1566
-38d (base 15) to base 5
-11213
What is 4660 (base 10) in base 2?
1001000110100
Convert -3cb (base 16) to base 9.
-1288
Convert a482 (base 16) to base 11.
29706
Convert 542 (base 7) to base 6.
1135
Convert 276 (base 11) to base 6.
1301
Convert 709b (base 13) to base 9.
23240
112200 (base 3) to base 5
3041
Convert -5042 (base 11) to base 3.
-100012012
Convert -15014 (base 6) to base 4.
-211102
-142 (base 10) to base 13
-ac
111111100 (base 2) to base 15
23d
140 (base 16) to base 15
165
What is -145345 (base 7) in base 15?
-85c1
Convert -234411 (base 5) to base 11.
-6618
What is 8a (base 15) in base 5?
1010
Convert 1a (base 12) to base 10.
22
-1095 (base 11) to base 9
-1864
What is -100001000101110 (base 2) in base 7?
-100252
-1ed (base 16) to base 11
-409
What is -101100011111010 (base 2) in base 12?
-11222
What is -2df3 (base 16) in base 6?
-130243
-15936 (base 12) to base 11
-21092
24000 (base 5) to base 14
8d0
What is -72 (base 9) in base 15?
-45
Convert 2861 (base 10) to base 3.
10220222
-3c9d (base 16) to base 6
-155501
-50455 (b